{"id":30,"date":"2025-04-08T08:44:52","date_gmt":"2025-04-08T06:44:52","guid":{"rendered":"https:\/\/foto.geof.unizg.hr\/climanatres\/?page_id=30"},"modified":"2025-05-15T14:36:03","modified_gmt":"2025-05-15T12:36:03","slug":"o-projektu","status":"publish","type":"page","link":"https:\/\/climanatres.geof.hr\/index.php\/o-projektu\/","title":{"rendered":"O projektu"},"content":{"rendered":"\n<p>Slu\u017ebena stranica<a href=\"https:\/\/interreg-danube.eu\/projects\/climanatres\"> Interreg Danube Region CLIMANATRES<\/a><\/p>\n\n\n\n<p>Dana 01.04.2025. godine slu\u017ebeno je zapo\u010deo projekt &#8220;Klimatsko ja\u010danje planova obnove prirode u srednjoj i donjoj dunavskoj regiji&#8221;, pod akronimom CLIMANATRES.<\/p>\n\n\n\n<div class=\"wp-block-uagb-container uagb-block-7823fc48 alignfull uagb-is-root-container\"><div class=\"uagb-container-inner-blocks-wrap\">\n<figure class=\"wp-block-table\"><table><tbody><tr><th class=\"has-text-align-center\" data-align=\"center\"><strong>Puni naziv projektnog prijedloga:<\/strong><\/th><td>Klimatsko ja\u010danje planova obnove prirode u srednjoj i donjoj dunavskoj regiji<\/td><\/tr><tr><th class=\"has-text-align-center\" data-align=\"center\"><strong>Akronim projektnog prijedloga:<\/strong><\/th><td>CLIMANATRES<\/td><\/tr><tr><td class=\"has-text-align-center\" data-align=\"center\"><strong>Projekt suinancira:<\/strong><\/td><td>INTERREG EU<\/td><\/tr><tr><td class=\"has-text-align-center\" data-align=\"center\"><strong>Project CODE:<\/strong><\/td><td>DRP0301113<\/td><\/tr><tr><td class=\"has-text-align-center\" data-align=\"center\"><strong>Institucija nositelj:<\/strong><\/td><td>Centar za ekolo\u0161ko istra\u017eivanje, Budimpe\u0161ta<\/td><\/tr><tr><td class=\"has-text-align-center\" data-align=\"center\"><strong>Voditelj projekta:<\/strong><\/td><td>dr. Garamszegi L\u00e1szl\u00f3 Zsolt<\/td><\/tr><tr><th class=\"has-text-align-center\" data-align=\"center\"><strong>Trajanje u mjesecima:<\/strong><\/th><td>36<\/td><\/tr><tr><th class=\"has-text-align-center\" data-align=\"center\"><strong>Bud\u017eet projekta<\/strong>:<\/th><td>1.983.339,80 \u20ac<\/td><\/tr><tr><th class=\"has-text-align-center\" data-align=\"center\"><strong>Sufinancira EU:<\/strong><\/th><td>1.586.671,84 \u20ac<\/td><\/tr><tr><th class=\"has-text-align-center\" data-align=\"center\"><strong>Klju\u010dne rije\u010di:<\/strong><\/th><td>daljinska istra\u017eivanja, vegetacija, klimatske promjene, pokrov i upotreba zemlji\u0161ta<\/td><\/tr><tr><th class=\"has-text-align-center\" data-align=\"center\"><strong>Znanstveno podru\u010dje:<\/strong><\/th><td>Tehni\u010dke znanosti<\/td><\/tr><tr><td class=\"has-text-align-center\" data-align=\"center\"><strong>Znanstveno podru\u010dje prema ERC klasifikaciji:<\/strong><\/td><td>Physical Sciences and Engineering<br><br>PE10 Earth System Science: Physical geography, geology, geophysics, atmospheric sciences, oceanography, climatology, ecology, global environmental change, biogeochemical cycles, natural resources management<br><br>PE10_14 Earth observations from space\/remote sensing<\/td><\/tr><\/tbody><\/table><\/figure>\n\n\n\n<figure class=\"wp-block-image aligncenter size-full is-resized\"><img fetchpriority=\"high\" decoding=\"async\" width=\"720\" height=\"114\" src=\"https:\/\/foto.geof.unizg.hr\/climanatres\/wp-content\/uploads\/2025\/04\/rijec-1.png\" alt=\"\" class=\"wp-image-376\" style=\"width:1000px\" srcset=\"https:\/\/climanatres.geof.hr\/wp-content\/uploads\/2025\/04\/rijec-1.png 720w, https:\/\/climanatres.geof.hr\/wp-content\/uploads\/2025\/04\/rijec-1-300x48.png 300w\" sizes=\"(max-width: 720px) 100vw, 720px\" \/><\/figure>\n\n\n\n<p>U akronimu projekta, rije\u010d CLIMA ozna\u010dava borbu s klimatskim promjenama, NAT predstavlja prirodu i borbu za njeno o\u010duvanje, a RES zna\u010di restauraciju koja je nu\u017ena kako bi se priroda mogla prilagoditi naglim klimatskim promjenama. Projekt provodi jedanaest partnera iz \u0161est europskih zemalja:<\/p>\n\n\n\n<figure class=\"wp-block-table\"><table><tbody><tr><td><img decoding=\"async\" width=\"150\" height=\"75\" class=\"wp-image-486\" style=\"width: 150px;\" src=\"https:\/\/foto.geof.unizg.hr\/climanatres\/wp-content\/uploads\/2025\/04\/madarska-e1744367941263.jpg\" alt=\"\"><\/td><td>&#8211; <a href=\"https:\/\/ecolres.hun-ren.hu\/en\/home\/\" data-type=\"link\" data-id=\"https:\/\/ecolres.hun-ren.hu\/en\/home\/\">Centar za ekolo\u0161ka istra\u017eivanja<\/a><br>&#8211; <a href=\"https:\/\/tenmilliontrees.org\/\" data-type=\"link\" data-id=\"https:\/\/tenmilliontrees.org\/\">Zaklada 10 milijuna stabala<\/a><\/td><\/tr><tr><td><img decoding=\"async\" width=\"150\" height=\"75\" class=\"wp-image-485\" style=\"width: 150px;\" src=\"https:\/\/foto.geof.unizg.hr\/climanatres\/wp-content\/uploads\/2025\/04\/hrv-e1744368022353.jpg\" alt=\"\"><\/td><td>&#8211; <a href=\"https:\/\/zeleni-prsten.hr\/portal\/\" data-type=\"link\" data-id=\"https:\/\/zeleni-prsten.hr\/portal\/\">Zeleni prsten Zagreba\u010dke \u017eupanije<\/a><br>&#8211; <a href=\"https:\/\/www.geof.unizg.hr\/\" data-type=\"link\" data-id=\"https:\/\/www.geof.unizg.hr\/\">Geodetski fakultet Sveu\u010dili\u0161ta u Zagrebu<\/a><\/td><\/tr><tr><td><img loading=\"lazy\" decoding=\"async\" width=\"150\" height=\"75\" class=\"wp-image-489\" style=\"width: 150px;\" src=\"https:\/\/foto.geof.unizg.hr\/climanatres\/wp-content\/uploads\/2025\/04\/slo-e1744368062631.jpg\" alt=\"\"><\/td><td>&#8211; <a href=\"https:\/\/www.zrc-sazu.si\/en\" data-type=\"link\" data-id=\"https:\/\/www.zrc-sazu.si\/en\">Istra\u017eiva\u010dki centar Slovenske akademije znanosti i umjetnosti<\/a><br>&#8211; <a href=\"https:\/\/www.zgs.si\/en\/\" data-type=\"link\" data-id=\"https:\/\/www.zgs.si\/en\/\">Zavod za \u0161ume Slovenije<\/a><\/td><\/tr><tr><td><img loading=\"lazy\" decoding=\"async\" width=\"150\" height=\"88\" class=\"wp-image-488\" style=\"width: 150px;\" src=\"https:\/\/foto.geof.unizg.hr\/climanatres\/wp-content\/uploads\/2025\/04\/serb-e1744368106297.png\" alt=\"\"><\/td><td>&#8211; <a href=\"https:\/\/www.ilfe.org\/\" data-type=\"link\" data-id=\"https:\/\/www.ilfe.org\/\">Institut za nizinsko \u0161umarstvo i \u017eivotnu sredinu<\/a><br>&#8211; <a href=\"https:\/\/zasavica.org.rs\/\" data-type=\"link\" data-id=\"https:\/\/zasavica.org.rs\/\">Specijalni rezervat prirode Zasavica<\/a><\/td><\/tr><tr><td><img loading=\"lazy\" decoding=\"async\" width=\"150\" height=\"75\" class=\"wp-image-490\" style=\"width: 150px;\" src=\"https:\/\/foto.geof.unizg.hr\/climanatres\/wp-content\/uploads\/2025\/04\/bulgaria-flag-png-large-e1744368185114.png\" alt=\"\"><\/td><td>&#8211; <a href=\"https:\/\/www.nmnhs.com\/\" data-type=\"link\" data-id=\"https:\/\/www.nmnhs.com\/\">Nacionalni prirodoslovni muzej pri Bugarskoj akademiji znanosti<\/a><\/td><\/tr><tr><td><img loading=\"lazy\" decoding=\"async\" width=\"150\" height=\"75\" class=\"wp-image-487\" style=\"width: 150px;\" src=\"https:\/\/foto.geof.unizg.hr\/climanatres\/wp-content\/uploads\/2025\/04\/romania-flag-png-large-e1744368213495.png\" alt=\"\"><\/td><td>&#8211; <a href=\"https:\/\/unibuc.ro\/?lang=en\" data-type=\"link\" data-id=\"https:\/\/unibuc.ro\/?lang=en\">Sveu\u010dili\u0161te u Bukure\u0161tu<\/a><br>&#8211; <a href=\"https:\/\/www.usab-tm.ro\/en\/regulamente-ri\" data-type=\"link\" data-id=\"https:\/\/www.usab-tm.ro\/en\/regulamente-ri\">Sveu\u010dili\u0161te prirodnih znanosti &#8220;Kralj Mihai I&#8221;<\/a><\/td><\/tr><\/tbody><\/table><\/figure>\n\n\n\n<p>Glavna zada\u0107a projekta je izrada besprijekornih modela i karata prikladnosti stani\u0161ta za srednju i donju dunavsku regiju. Uz to, zadatak projekta je proizvesti alate za podr\u0161ku u odlu\u010divanju prilikom kreiranja karata obnove, te testirati i razraditi njihovu primjenjivost u planiranju obnove. Projektni zadaci kategorizirani su u svrhu ostvarivanja 3 specifi\u010dna cilja:<\/p>\n\n\n\n<ol class=\"wp-block-list\">\n<li>Modeliranje za planiranje obnove vegetacije otporne na klimatske promjene i upravljanje ekolo\u0161kim koridorom<\/li>\n\n\n\n<li>Izgradnja kapaciteta za lokalno planiranje klimatski pametnog upravljanja i obnove stani\u0161ta<\/li>\n\n\n\n<li>Osiguravanje primjene rezultata projekta za adaptivnu obnovu i otporne ekolo\u0161ke koridore<\/li>\n<\/ol>\n<\/div><\/div>\n\n\n\n<p style=\"margin-top:1px;margin-bottom:1px\"><\/p>\n","protected":false},"excerpt":{"rendered":"<p>Slu\u017ebena stranica Interreg Danube Region CLIMANATRES Dana 01.04.2025. godine slu\u017ebeno je zapo\u010deo projekt &#8220;Klimatsko ja\u010danje planova obnove prirode u srednjoj i donjoj dunavskoj regiji&#8221;, pod akronimom CLIMANATRES. Puni naziv projektnog prijedloga: Klimatsko ja\u010danje planova obnove prirode u srednjoj i donjoj dunavskoj regiji Akronim projektnog prijedloga: CLIMANATRES Projekt suinancira: INTERREG EU Project CODE: DRP0301113 Institucija nositelj: [&hellip;]<\/p>\n","protected":false},"author":2,"featured_media":0,"parent":0,"menu_order":0,"comment_status":"closed","ping_status":"closed","template":"","meta":{"_eb_attr":"","_uag_custom_page_level_css":"","site-sidebar-layout":"right-sidebar","site-content-layout":"","ast-site-content-layout":"normal-width-container","site-content-style":"boxed","site-sidebar-style":"boxed","ast-global-header-display":"","ast-banner-title-visibility":"","ast-main-header-display":"","ast-hfb-above-header-display":"","ast-hfb-below-header-display":"","ast-hfb-mobile-header-display":"","site-post-title":"","ast-breadcrumbs-content":"","ast-featured-img":"","footer-sml-layout":"","theme-transparent-header-meta":"default","adv-header-id-meta":"","stick-header-meta":"","header-above-stick-meta":"","header-main-stick-meta":"","header-below-stick-meta":"","astra-migrate-meta-layouts":"default","ast-page-background-enabled":"default","ast-page-background-meta":{"desktop":{"background-color":"var(--ast-global-color-5)","background-image":"","background-repeat":"repeat","background-position":"center center","background-size":"auto","background-attachment":"scroll","background-type":"","background-media":"","overlay-type":"","overlay-color":"","overlay-opacity":"","overlay-gradient":""},"tablet":{"background-color":"","background-image":"","background-repeat":"repeat","background-position":"center center","background-size":"auto","background-attachment":"scroll","background-type":"","background-media":"","overlay-type":"","overlay-color":"","overlay-opacity":"","overlay-gradient":""},"mobile":{"background-color":"","background-image":"","background-repeat":"repeat","background-position":"center center","background-size":"auto","background-attachment":"scroll","background-type":"","background-media":"","overlay-type":"","overlay-color":"","overlay-opacity":"","overlay-gradient":""}},"ast-content-background-meta":{"desktop":{"background-color":"var(--ast-global-color-4)","background-image":"","background-repeat":"repeat","background-position":"center center","background-size":"auto","background-attachment":"scroll","background-type":"","background-media":"","overlay-type":"","overlay-color":"","overlay-opacity":"","overlay-gradient":""},"tablet":{"background-color":"var(--ast-global-color-4)","background-image":"","background-repeat":"repeat","background-position":"center center","background-size":"auto","background-attachment":"scroll","background-type":"","background-media":"","overlay-type":"","overlay-color":"","overlay-opacity":"","overlay-gradient":""},"mobile":{"background-color":"var(--ast-global-color-4)","background-image":"","background-repeat":"repeat","background-position":"center center","background-size":"auto","background-attachment":"scroll","background-type":"","background-media":"","overlay-type":"","overlay-color":"","overlay-opacity":"","overlay-gradient":""}},"_themeisle_gutenberg_block_has_review":false,"footnotes":""},"class_list":["post-30","page","type-page","status-publish","hentry"],"uagb_featured_image_src":{"full":false,"thumbnail":false,"medium":false,"medium_large":false,"large":false,"1536x1536":false,"2048x2048":false},"uagb_author_info":{"display_name":"Ivana Jarak","author_link":"https:\/\/climanatres.geof.hr\/index.php\/author\/ijarak\/"},"uagb_comment_info":0,"uagb_excerpt":"Slu\u017ebena stranica Interreg Danube Region CLIMANATRES Dana 01.04.2025. godine slu\u017ebeno je zapo\u010deo projekt &#8220;Klimatsko ja\u010danje planova obnove prirode u srednjoj i donjoj dunavskoj regiji&#8221;, pod akronimom CLIMANATRES. Puni naziv projektnog prijedloga: Klimatsko ja\u010danje planova obnove prirode u srednjoj i donjoj dunavskoj regiji Akronim projektnog prijedloga: CLIMANATRES Projekt suinancira: INTERREG EU Project CODE: DRP0301113 Institucija nositelj:&hellip;","_links":{"self":[{"href":"https:\/\/climanatres.geof.hr\/index.php\/wp-json\/wp\/v2\/pages\/30","targetHints":{"allow":["GET"]}}],"collection":[{"href":"https:\/\/climanatres.geof.hr\/index.php\/wp-json\/wp\/v2\/pages"}],"about":[{"href":"https:\/\/climanatres.geof.hr\/index.php\/wp-json\/wp\/v2\/types\/page"}],"author":[{"embeddable":true,"href":"https:\/\/climanatres.geof.hr\/index.php\/wp-json\/wp\/v2\/users\/2"}],"replies":[{"embeddable":true,"href":"https:\/\/climanatres.geof.hr\/index.php\/wp-json\/wp\/v2\/comments?post=30"}],"version-history":[{"count":38,"href":"https:\/\/climanatres.geof.hr\/index.php\/wp-json\/wp\/v2\/pages\/30\/revisions"}],"predecessor-version":[{"id":631,"href":"https:\/\/climanatres.geof.hr\/index.php\/wp-json\/wp\/v2\/pages\/30\/revisions\/631"}],"wp:attachment":[{"href":"https:\/\/climanatres.geof.hr\/index.php\/wp-json\/wp\/v2\/media?parent=30"}],"curies":[{"name":"wp","href":"https:\/\/api.w.org\/{rel}","templated":true}]}}